{"id":1873,"date":"2025-05-27T16:36:36","date_gmt":"2025-05-27T14:36:36","guid":{"rendered":"https:\/\/simspot.pl\/index.php\/produkt\/hatonet-5-gb-30-dni\/"},"modified":"2026-04-14T09:17:17","modified_gmt":"2026-04-14T07:17:17","slug":"hatonet-5-gb-30-dni","status":"publish","type":"product","link":"https:\/\/simspot.pl\/index.php\/produkt\/hatonet-5-gb-30-dni\/","title":{"rendered":"Hatonet 5 GB &#8211; 30 dni"},"content":{"rendered":"<p>4G Data-only eSIM.<br \/>\nRechargeable online with no expiry.<br \/>\nOperates on the Digicel network in Bonaire.<br \/>\nMusisz aktywowa\u0107 kart\u0119 eSIM w ci\u0105gu 90 dni od zakupu.<\/p>\n","protected":false},"excerpt":{"rendered":"<p>4G Data-only eSIM. Rechargeable online with no expiry. Operates on the Digicel network in Bonaire. Musisz aktywowa\u0107 kart\u0119 eSIM w ci\u0105gu 90 dni od zakupu.<\/p>\n","protected":false},"featured_media":1869,"comment_status":"open","ping_status":"closed","template":"","meta":{"advanced_seo_description":"","jetpack_seo_html_title":"","jetpack_seo_noindex":false,"jetpack_publicize_message":"","jetpack_publicize_feature_enabled":true,"jetpack_social_post_already_shared":true,"jetpack_social_options":{"image_generator_settings":{"template":"highway","default_image_id":0,"font":"","enabled":false},"version":2}},"product_brand":[],"product_cat":[15],"product_tag":[],"class_list":{"0":"post-1873","1":"product","2":"type-product","3":"status-publish","4":"has-post-thumbnail","6":"product_cat-bez-kategorii","8":"first","9":"outofstock","10":"virtual","11":"taxable","12":"product-type-simple"},"jetpack_publicize_connections":[],"jetpack_sharing_enabled":true,"jetpack_likes_enabled":true,"_links":{"self":[{"href":"https:\/\/simspot.pl\/index.php\/wp-json\/wp\/v2\/product\/1873","targetHints":{"allow":["GET"]}}],"collection":[{"href":"https:\/\/simspot.pl\/index.php\/wp-json\/wp\/v2\/product"}],"about":[{"href":"https:\/\/simspot.pl\/index.php\/wp-json\/wp\/v2\/types\/product"}],"replies":[{"embeddable":true,"href":"https:\/\/simspot.pl\/index.php\/wp-json\/wp\/v2\/comments?post=1873"}],"wp:featuredmedia":[{"embeddable":true,"href":"https:\/\/simspot.pl\/index.php\/wp-json\/wp\/v2\/media\/1869"}],"wp:attachment":[{"href":"https:\/\/simspot.pl\/index.php\/wp-json\/wp\/v2\/media?parent=1873"}],"wp:term":[{"taxonomy":"product_brand","embeddable":true,"href":"https:\/\/simspot.pl\/index.php\/wp-json\/wp\/v2\/product_brand?post=1873"},{"taxonomy":"product_cat","embeddable":true,"href":"https:\/\/simspot.pl\/index.php\/wp-json\/wp\/v2\/product_cat?post=1873"},{"taxonomy":"product_tag","embeddable":true,"href":"https:\/\/simspot.pl\/index.php\/wp-json\/wp\/v2\/product_tag?post=1873"}],"curies":[{"name":"wp","href":"https:\/\/api.w.org\/{rel}","templated":true}]}}